{"id":943,"date":"2022-06-22T02:43:20","date_gmt":"2022-06-22T02:43:20","guid":{"rendered":"https:\/\/methodia.mx\/biblioteca\/?post_type=product&#038;p=943"},"modified":"2022-10-20T17:08:03","modified_gmt":"2022-10-20T17:08:03","slug":"evaluacion-de-proceso-de-onboarding","status":"publish","type":"product","link":"https:\/\/methodia.mx\/biblioteca\/producto\/evaluacion-de-proceso-de-onboarding\/","title":{"rendered":"Evaluaci\u00f3n de proceso de onboarding"},"content":{"rendered":"","protected":false},"excerpt":{"rendered":"<p>Con este formato podr\u00e1s medir el nivel de satisfacci\u00f3n de un nuevo colaborador \u00a0durante su procesos de onboarding a la empresa.<\/p>\n","protected":false},"featured_media":1752,"template":"","meta":{"site-sidebar-layout":"default","site-content-layout":"default","ast-global-header-display":"","ast-main-header-display":"","ast-hfb-above-header-display":"","ast-hfb-below-header-display":"","ast-hfb-mobile-header-display":"","site-post-title":"","ast-breadcrumbs-content":"","ast-featured-img":"","footer-sml-layout":"","theme-transparent-header-meta":"default","adv-header-id-meta":"","stick-header-meta":"","header-above-stick-meta":"","header-main-stick-meta":"","header-below-stick-meta":""},"product_cat":[19,76],"product_tag":[],"_links":{"self":[{"href":"https:\/\/methodia.mx\/biblioteca\/wp-json\/wp\/v2\/product\/943"}],"collection":[{"href":"https:\/\/methodia.mx\/biblioteca\/wp-json\/wp\/v2\/product"}],"about":[{"href":"https:\/\/methodia.mx\/biblioteca\/wp-json\/wp\/v2\/types\/product"}],"wp:featuredmedia":[{"embeddable":true,"href":"https:\/\/methodia.mx\/biblioteca\/wp-json\/wp\/v2\/media\/1752"}],"wp:attachment":[{"href":"https:\/\/methodia.mx\/biblioteca\/wp-json\/wp\/v2\/media?parent=943"}],"wp:term":[{"taxonomy":"product_cat","embeddable":true,"href":"https:\/\/methodia.mx\/biblioteca\/wp-json\/wp\/v2\/product_cat?post=943"},{"taxonomy":"product_tag","embeddable":true,"href":"https:\/\/methodia.mx\/biblioteca\/wp-json\/wp\/v2\/product_tag?post=943"}],"curies":[{"name":"wp","href":"https:\/\/api.w.org\/{rel}","templated":true}]}}