{"id":679,"date":"2022-06-16T04:11:17","date_gmt":"2022-06-16T04:11:17","guid":{"rendered":"https:\/\/methodia.mx\/biblioteca\/?post_type=product&#038;p=679"},"modified":"2022-10-12T05:26:36","modified_gmt":"2022-10-12T05:26:36","slug":"proceso-de-onboarding","status":"publish","type":"product","link":"https:\/\/methodia.mx\/biblioteca\/producto\/proceso-de-onboarding\/","title":{"rendered":"Proceso de onboarding"},"content":{"rendered":"","protected":false},"excerpt":{"rendered":"<p>Este diagrama te permitir\u00e1 definir las actividades para brindar al nuevo integrante del equipo un acompa\u00f1amiento integral el cual tiene por objetivo proporcionarle sus herramientas, materiales, documentos y capacitaci\u00f3n necesaria para que desempe\u00f1e adecuadamente sus funciones.<\/p>\n","protected":false},"featured_media":1588,"template":"","meta":{"site-sidebar-layout":"default","site-content-layout":"default","ast-global-header-display":"","ast-main-header-display":"","ast-hfb-above-header-display":"","ast-hfb-below-header-display":"","ast-hfb-mobile-header-display":"","site-post-title":"","ast-breadcrumbs-content":"","ast-featured-img":"","footer-sml-layout":"","theme-transparent-header-meta":"default","adv-header-id-meta":"","stick-header-meta":"","header-above-stick-meta":"","header-main-stick-meta":"","header-below-stick-meta":""},"product_cat":[17,45],"product_tag":[],"_links":{"self":[{"href":"https:\/\/methodia.mx\/biblioteca\/wp-json\/wp\/v2\/product\/679"}],"collection":[{"href":"https:\/\/methodia.mx\/biblioteca\/wp-json\/wp\/v2\/product"}],"about":[{"href":"https:\/\/methodia.mx\/biblioteca\/wp-json\/wp\/v2\/types\/product"}],"wp:featuredmedia":[{"embeddable":true,"href":"https:\/\/methodia.mx\/biblioteca\/wp-json\/wp\/v2\/media\/1588"}],"wp:attachment":[{"href":"https:\/\/methodia.mx\/biblioteca\/wp-json\/wp\/v2\/media?parent=679"}],"wp:term":[{"taxonomy":"product_cat","embeddable":true,"href":"https:\/\/methodia.mx\/biblioteca\/wp-json\/wp\/v2\/product_cat?post=679"},{"taxonomy":"product_tag","embeddable":true,"href":"https:\/\/methodia.mx\/biblioteca\/wp-json\/wp\/v2\/product_tag?post=679"}],"curies":[{"name":"wp","href":"https:\/\/api.w.org\/{rel}","templated":true}]}}