{"id":3879,"date":"2022-12-02T16:33:52","date_gmt":"2022-12-02T16:33:52","guid":{"rendered":"https:\/\/methodia.mx\/biblioteca\/?post_type=product&#038;p=3879"},"modified":"2022-12-13T20:49:30","modified_gmt":"2022-12-13T20:49:30","slug":"alta-de-colaboradores-2","status":"publish","type":"product","link":"https:\/\/methodia.mx\/biblioteca\/producto\/alta-de-colaboradores-2\/","title":{"rendered":"Alta de colaboradores"},"content":{"rendered":"","protected":false},"excerpt":{"rendered":"<p>Con esta pol\u00edtica podr\u00e1s definir los lineamientos a seguir, para el \u00e1rea de Sistemas, cuando un Colaborador nuevo se incorpore a la Empresa, cumpliendo las necesidades solicitadas por el Jefe Directo.<\/p>\n","protected":false},"featured_media":3881,"template":"","meta":{"site-sidebar-layout":"default","site-content-layout":"default","ast-global-header-display":"","ast-main-header-display":"","ast-hfb-above-header-display":"","ast-hfb-below-header-display":"","ast-hfb-mobile-header-display":"","site-post-title":"","ast-breadcrumbs-content":"","ast-featured-img":"","footer-sml-layout":"","theme-transparent-header-meta":"default","adv-header-id-meta":"","stick-header-meta":"","header-above-stick-meta":"","header-main-stick-meta":"","header-below-stick-meta":""},"product_cat":[18,111],"product_tag":[],"_links":{"self":[{"href":"https:\/\/methodia.mx\/biblioteca\/wp-json\/wp\/v2\/product\/3879"}],"collection":[{"href":"https:\/\/methodia.mx\/biblioteca\/wp-json\/wp\/v2\/product"}],"about":[{"href":"https:\/\/methodia.mx\/biblioteca\/wp-json\/wp\/v2\/types\/product"}],"wp:featuredmedia":[{"embeddable":true,"href":"https:\/\/methodia.mx\/biblioteca\/wp-json\/wp\/v2\/media\/3881"}],"wp:attachment":[{"href":"https:\/\/methodia.mx\/biblioteca\/wp-json\/wp\/v2\/media?parent=3879"}],"wp:term":[{"taxonomy":"product_cat","embeddable":true,"href":"https:\/\/methodia.mx\/biblioteca\/wp-json\/wp\/v2\/product_cat?post=3879"},{"taxonomy":"product_tag","embeddable":true,"href":"https:\/\/methodia.mx\/biblioteca\/wp-json\/wp\/v2\/product_tag?post=3879"}],"curies":[{"name":"wp","href":"https:\/\/api.w.org\/{rel}","templated":true}]}}