{"id":3393,"date":"2022-10-10T17:31:15","date_gmt":"2022-10-10T17:31:15","guid":{"rendered":"https:\/\/methodia.mx\/biblioteca\/?post_type=product&#038;p=3393"},"modified":"2022-10-12T05:23:53","modified_gmt":"2022-10-12T05:23:53","slug":"registro-de-solicitud-de-mensajeria","status":"publish","type":"product","link":"https:\/\/methodia.mx\/biblioteca\/producto\/registro-de-solicitud-de-mensajeria\/","title":{"rendered":"Registro de solicitud de mensajer\u00eda"},"content":{"rendered":"","protected":false},"excerpt":{"rendered":"<p>Con este formato podr\u00e1s tener un orden de las solicitudes de env\u00edos por mensajer\u00eda, contando con la direcci\u00f3n del destino, informaci\u00f3n del contacto y horarios de recibo \/ entrega.<\/p>\n","protected":false},"featured_media":3395,"template":"","meta":{"site-sidebar-layout":"default","site-content-layout":"default","ast-global-header-display":"","ast-main-header-display":"","ast-hfb-above-header-display":"","ast-hfb-below-header-display":"","ast-hfb-mobile-header-display":"","site-post-title":"","ast-breadcrumbs-content":"","ast-featured-img":"","footer-sml-layout":"","theme-transparent-header-meta":"default","adv-header-id-meta":"","stick-header-meta":"","header-above-stick-meta":"","header-main-stick-meta":"","header-below-stick-meta":""},"product_cat":[71],"product_tag":[],"_links":{"self":[{"href":"https:\/\/methodia.mx\/biblioteca\/wp-json\/wp\/v2\/product\/3393"}],"collection":[{"href":"https:\/\/methodia.mx\/biblioteca\/wp-json\/wp\/v2\/product"}],"about":[{"href":"https:\/\/methodia.mx\/biblioteca\/wp-json\/wp\/v2\/types\/product"}],"wp:featuredmedia":[{"embeddable":true,"href":"https:\/\/methodia.mx\/biblioteca\/wp-json\/wp\/v2\/media\/3395"}],"wp:attachment":[{"href":"https:\/\/methodia.mx\/biblioteca\/wp-json\/wp\/v2\/media?parent=3393"}],"wp:term":[{"taxonomy":"product_cat","embeddable":true,"href":"https:\/\/methodia.mx\/biblioteca\/wp-json\/wp\/v2\/product_cat?post=3393"},{"taxonomy":"product_tag","embeddable":true,"href":"https:\/\/methodia.mx\/biblioteca\/wp-json\/wp\/v2\/product_tag?post=3393"}],"curies":[{"name":"wp","href":"https:\/\/api.w.org\/{rel}","templated":true}]}}