{"id":2974,"date":"2022-09-01T16:19:00","date_gmt":"2022-09-01T16:19:00","guid":{"rendered":"https:\/\/methodia.mx\/biblioteca\/?post_type=product&#038;p=2974"},"modified":"2022-10-12T05:23:59","modified_gmt":"2022-10-12T05:23:59","slug":"analisis-de-productos-y-estrategia-de-ventas","status":"publish","type":"product","link":"https:\/\/methodia.mx\/biblioteca\/producto\/analisis-de-productos-y-estrategia-de-ventas\/","title":{"rendered":"Ana\u0301lisis de productos y estrategia de ventas"},"content":{"rendered":"","protected":false},"excerpt":{"rendered":"<p>Este diagrama te ayudar\u00e1 a realizar un an\u00e1lisis de los productos del negocio, definir su clasificaci\u00f3n o tipo, estudiar las ventas y la competencia, concluyendo con estrategias comerciales.<\/p>\n","protected":false},"featured_media":2976,"template":"","meta":{"site-sidebar-layout":"default","site-content-layout":"default","ast-global-header-display":"","ast-main-header-display":"","ast-hfb-above-header-display":"","ast-hfb-below-header-display":"","ast-hfb-mobile-header-display":"","site-post-title":"","ast-breadcrumbs-content":"","ast-featured-img":"","footer-sml-layout":"","theme-transparent-header-meta":"default","adv-header-id-meta":"","stick-header-meta":"","header-above-stick-meta":"","header-main-stick-meta":"","header-below-stick-meta":""},"product_cat":[44],"product_tag":[],"_links":{"self":[{"href":"https:\/\/methodia.mx\/biblioteca\/wp-json\/wp\/v2\/product\/2974"}],"collection":[{"href":"https:\/\/methodia.mx\/biblioteca\/wp-json\/wp\/v2\/product"}],"about":[{"href":"https:\/\/methodia.mx\/biblioteca\/wp-json\/wp\/v2\/types\/product"}],"wp:featuredmedia":[{"embeddable":true,"href":"https:\/\/methodia.mx\/biblioteca\/wp-json\/wp\/v2\/media\/2976"}],"wp:attachment":[{"href":"https:\/\/methodia.mx\/biblioteca\/wp-json\/wp\/v2\/media?parent=2974"}],"wp:term":[{"taxonomy":"product_cat","embeddable":true,"href":"https:\/\/methodia.mx\/biblioteca\/wp-json\/wp\/v2\/product_cat?post=2974"},{"taxonomy":"product_tag","embeddable":true,"href":"https:\/\/methodia.mx\/biblioteca\/wp-json\/wp\/v2\/product_tag?post=2974"}],"curies":[{"name":"wp","href":"https:\/\/api.w.org\/{rel}","templated":true}]}}