{"id":1212,"date":"2022-06-25T20:19:23","date_gmt":"2022-06-25T20:19:23","guid":{"rendered":"https:\/\/methodia.mx\/biblioteca\/?post_type=product&#038;p=1212"},"modified":"2022-10-12T05:25:24","modified_gmt":"2022-10-12T05:25:24","slug":"penalizacion-a-fondo-de-garantia","status":"publish","type":"product","link":"https:\/\/methodia.mx\/biblioteca\/producto\/penalizacion-a-fondo-de-garantia\/","title":{"rendered":"Penalizaci\u00f3n a fondo de garant\u00eda"},"content":{"rendered":"","protected":false},"excerpt":{"rendered":"<p>Este formato te permitir\u00e1 tener un control sobre los trabajos de los proveedores a los cuales se les est\u00e1n solicitando aplicaci\u00f3n de garant\u00edas por reclamo del cliente.<\/p>\n","protected":false},"featured_media":1681,"template":"","meta":{"site-sidebar-layout":"default","site-content-layout":"default","ast-global-header-display":"","ast-main-header-display":"","ast-hfb-above-header-display":"","ast-hfb-below-header-display":"","ast-hfb-mobile-header-display":"","site-post-title":"","ast-breadcrumbs-content":"","ast-featured-img":"","footer-sml-layout":"","theme-transparent-header-meta":"default","adv-header-id-meta":"","stick-header-meta":"","header-above-stick-meta":"","header-main-stick-meta":"","header-below-stick-meta":""},"product_cat":[65,19],"product_tag":[],"_links":{"self":[{"href":"https:\/\/methodia.mx\/biblioteca\/wp-json\/wp\/v2\/product\/1212"}],"collection":[{"href":"https:\/\/methodia.mx\/biblioteca\/wp-json\/wp\/v2\/product"}],"about":[{"href":"https:\/\/methodia.mx\/biblioteca\/wp-json\/wp\/v2\/types\/product"}],"wp:featuredmedia":[{"embeddable":true,"href":"https:\/\/methodia.mx\/biblioteca\/wp-json\/wp\/v2\/media\/1681"}],"wp:attachment":[{"href":"https:\/\/methodia.mx\/biblioteca\/wp-json\/wp\/v2\/media?parent=1212"}],"wp:term":[{"taxonomy":"product_cat","embeddable":true,"href":"https:\/\/methodia.mx\/biblioteca\/wp-json\/wp\/v2\/product_cat?post=1212"},{"taxonomy":"product_tag","embeddable":true,"href":"https:\/\/methodia.mx\/biblioteca\/wp-json\/wp\/v2\/product_tag?post=1212"}],"curies":[{"name":"wp","href":"https:\/\/api.w.org\/{rel}","templated":true}]}}